*q = 2*l - 18. What are the prime factors of q?
2, 7
Let d be (-2)/(-3) + (-343)/(-21). Suppose -d*v + 13*v + 92 = 0. What are the prime factors of v?
23
Suppose -54 - 111 = -5*q. Suppose 5*v - 4*h = 191, -4*v + 188 = -h + q. What are the prime factors of v?
3, 13
Let g = 12 - 9. Suppose 3*b - 2*s = 2*b + 29, g*s = 3. What are the prime factors of b?
31
Let t(n) = -4 + 1 - 5*n + n**2 - 4. Let g be t(6). What are the prime factors of (-12)/(g - 1) + 1?
7
Let i(p) = -p**3 - 13*p**2 + 20*p - 8. List the prime factors of i(-15).
2, 71
Let f(r) = r + 11. Let c be f(-5). List the prime factors of (-4)/c*(-444)/8.
37
Suppose 2*x + 7 = -1. Let t be (-2)/(-8) - (-1)/(-4). Let c = t - x. What are the prime factors of c?
2
Let c(r) = 38*r - 12. List the prime factors of c(8).
2, 73
Let u = 7 - 2. Suppose -5*q - u*g = -45, -3*q = -0*g + g - 25. List the prime factors of q.
2
Let f = 39 + 22. List the prime factors of f.
61
Suppose 2*h - 22 = -0*h. Let t = h - -10. What are the prime factors of t?
3, 7
Let t(q) = q**2 - 4*q - 8. Let v be t(6). Let n(r) = 10*r - 9. List the prime factors of n(v).
31
Let i(b) = 4*b**2 + b. Let d be i(1). Suppose 1 = 3*k + 2*h - 4*h, 23 = k + d*h. What are the prime factors of 0/k - -3*4?
2, 3
Suppose w - 2*w = -77. List the prime factors of w.
7, 11
Let y(a) = a**3 - 5*a**2 - 13*a + 8. What are the prime factors of y(8)?
2, 3
Let s = -48 - -54. List the prime factors of s.
2, 3
Suppose 3*l = -2*a - 3 + 31, 4*a = -16. List the prime factors of l.
2, 3
Suppose 206 + 29 = -5*h. Let o = h - -68. What are the prime factors of o?
3, 7
Suppose 0 = -5*z + 10, 4*k + 0*k = 4*z + 1412. List the prime factors of k.
5, 71
Let z = 121 + -69. What are the prime factors of z?
2, 13
Let m = 335 + -194. What are the prime factors of m?
3, 47
Let m be 1/2 + (-15)/2. Let r(t) = -t**2 - 7*t - 4. Let n be r(m). What are the prime factors of 1/2 + (-34)/n?
3
Let w(a) = -10*a - 12. List the prime factors of w(-10).
2, 11
Suppose g = 3*y + 34 + 5, 0 = -4*g - y + 169. What are the prime factors of g?
2, 3, 7
Suppose -102 = -4*l - 2*k - 0*k, 3*k = -l + 33. What are the prime factors of l?
2, 3
Let l = -3 + -2. Let p = 5 + l. Suppose p = -2*v - v + 9. What are the prime factors of v?
3
What are the prime factors of (-1)/(0 + 2/(-100))?
2, 5
Let s(h) = h. Let l be s(4). Suppose -l*y = -q + 10, -4*y = -5*q + 4 + 14. List the prime factors of q.
2
Suppose -104 = -3*v - v. Suppose 5*z - v = -f, 2*f + 4*z + 24 = 4*f. What are the prime factors of f?
2
Let x(d) = -d**3 - 8*d**2 + 8*d - 4. Suppose 0*n + 3*n - 12 = 0. Suppose -n*r - 18 = -2*r. What are the prime factors of x(r)?
5
Suppose i - 18 - 9 = 5*m, 2*m + 8 = -i. Let z be (m/(-2)*20)/1. Suppose -2*j + d - z = -5*j, -2*d + 32 = 2*j. What are the prime factors of j?
17
Let v(h) = -h - 3. Let o be v(-3). Suppose o*y - 5*y = -50. Suppose 1 = -n - 4*i, -i - y + 1 = -n. List the prime factors of n.
7
Let u(n) = n**3 - 2*n**2 + n + 3. What are the prime factors of u(4)?
3, 13
Suppose -d - 27 = 2*d. Let g = -19 - d. What are the prime factors of g*(-1)/((-5)/(-3))?
2, 3
Let d(v) = -v + 3. Let u be d(1). Suppose -u*w - 3*t - 63 = -5*w, 2*w + 5*t = 70. List the prime factors of w.
5
Let o = 4 + -1. Suppose -1 = p - 4. Suppose o*x - 9 = p. List the prime factors of x.
2
Let c(u) = -2*u - 4. Let a be c(-3). Let d(q) = -7*q - q**3 + 5*q**2 + 2 + a*q + q. List the prime factors of d(3).
2
Let o = 97 - 54. Let h be (-2 - 23) + (0 - 1). Let z = h + o. What are the prime factors of z?
17
Let l(h) = -2*h + 1. Let r be l(-1). Let c = 22 + -31. List the prime factors of (r/c)/(1/(-42)).
2, 7
Let g = 2 + -6. Let q be 4*2/g*3. Let p = q - -11. List the prime factors of p.
5
Let d be -1 - 6/3 - 24. List the prime factors of 1/(-2)*(-3 + d).
3, 5
Let p(v) = v**3 + 9*v**2 - 9*v + 14. Let k be p(-10). Suppose -a - 2*h - 2*h + 61 = 0, -h - 176 = -k*a. What are the prime factors of a?
3, 5
Suppose -2*o + a + 2*a + 101 = 0, 5*o + 4*a - 195 = 0. What are the prime factors of o?
43
Let t(q) = q + 6. Let n be t(-6). Suppose -20 = -h - d, -4*h = -n*d - d - 60. List the prime factors of h.
2
Suppose -10 + 120 = 5*v. Suppose -3*k = -u - 41 + 3, 8 = 3*k + 5*u. Let y = v - k. List the prime factors of y.
11
Let h be (5 - 3)/((-2)/(-4)). Suppose -20 = 2*g + 3*l + 39, 2*g + h*l + 54 = 0. Let a = -22 - g. What are the prime factors of a?
3, 5
Suppose 5*o + 4*b - 12 = 0, -5*b + 15 = -2*o - o. Suppose o - 1 = m + 4*k, -5*k - 11 = -2*m. List the prime factors of m.
3
Let q = 5 + -2. What are the prime factors of q?
3
Let x(f) = f + 3. Let y be x(-7). Let d = -8 - y. Let a = 7 + d. What are the prime factors of a?
3
Let z = 6 - 2. Let s = -1 + z. Suppose -60 = -2*y - s*y. What are the prime factors of y?
2, 3
Let j(x) = -x**2 + 2*x + 2. Let u be j(2). Suppose 0 = u*k + 2*t - 12, -3*k = k + 3*t - 22. Suppose -k*y + 25 = y. List the prime factors of y.
5
Let j = -321 - -715. List the prime factors of j.
2, 197
Let x(p) = 78*p**3 - 2*p**2 + 3*p - 2. List the prime factors of x(1).
7, 11
Suppose -h = -t + 4, -19 = -7*t + 3*t + 5*h. Let a(w) = -w + 7. Let i be a(5). Suppose -13 = -2*k - 3*x, -2*x + 15 = i*k + t. What are the prime factors of k?
2
Let w(q) = 23*q**2 + q. Let x be w(1). Let u(j) = j**2 + 3*j + 7. Let f be u(-5). Let i = x - f. List the prime factors of i.
7
What are the prime factors of 145/3 - 12/9?
47
Let p be (-1)/(-7) + 438/21. List the prime factors of (-4)/(-3)*p/2.
2, 7
Let o = 100 - 59. What are the prime factors of o?
41
Let h = 67 + -2. What are the prime factors of h?
5, 13
Suppose -s = 4 - 8. Suppose 0 = i - 5*d + 13, s*i - d - 3*d = -4. List the prime factors of i.
2
Suppose 16 = 2*g - 20. List the prime factors of g.
2, 3
Let c(g) = 19*g**2 - g - 1. What are the prime factors of c(-1)?
19
Let z(n) = -7*n - 7. Let v(l) = -l**3 + 9*l**2 + l - 13. Let x be v(9). What are the prime factors of z(x)?
3, 7
Let m(h) = 3*h**2 - 4*h + 2. Let w be m(2). Suppose w = -2*d + 18. What are the prime factors of 2 - 6*(-4)/d?
2, 3
Let w(j) be the third derivative of -j**4/6 - j**3/2 + 3*j**2. What are the prime factors of w(-6)?
3, 7
Let f(t) = -t + 11. Let h be f(9). Let o(a) = -a - 8. Let v be o(-8). Suppose -2 + 0 = q, v = -x - h*q + 2. List the prime factors of x.
2, 3
Let f = -10 - -32. List the prime factors of f.
2, 11
Let q(x) = -3*x + 2. Let m be q(6). Let j = m + 35. List the prime factors of j.
19
Let u(v) = -21*v**3 + v**2 + 4*v + 7. Let f(p) = 41*p**3 - 2*p**2 - 7*p - 13. Let n(o) = 6*f(o) + 11*u(o). What are the prime factors of n(1)?
3, 5
Let m = 7 - 4. Let k(a) = a + 0 + 0 + m. List the prime factors of k(3).
2, 3
Let j(b) = 2*b**2 - 9*b + 9. Let t be j(7). Suppose -4*i - 7 + t = 3*c, -3*c + i + 17 = 0. Suppose -f + c = -2. List the prime factors of f.
3
Let f = 4 + -2. Suppose f*x = -3*x + 65. What are the prime factors of x?
13
Suppose -6*y + 3*y = 30. List the prime factors of (-6)/10 + (-86)/y.
2
Suppose 2*h = 8, 3*f - 5 = 4*h + 3. List the prime factors of f.
2
Let d = -15 - -35. Suppose 2*j - 28 = d. List the prime factors of j.
2, 3
Suppose 3*l = 2*c - 119, -4*c - 3*l = -5*c + 64. What are the prime factors of c?
5, 11
Let b(f) = f + 2. Let i be b(2). Suppose 4*w - i*r = 20, 0 = 5*w - 3*r + 3 - 30. What are the prime factors of w/(-2)*(-5)/3?
5
Let v = 47 - 31. Let m be (3/(-4))/((-1)/(-12)). Let x = v + m. List the prime factors of x.
7
Suppose 0 = 3*s - s - 76. What are the prime factors of s?
2, 19
Suppose -12*z + 21*z = 882. What are the prime factors of z?
2, 7
Suppose g + 4*v = -g + 668, 4*v - 326 = -g. What are the prime factors of g?
2, 3, 19
Let q(j) be the third derivative of -j**5/60 - 3*j**4/8 - 5*j**3/6 - j**2. What are the prime factors of q(-6)?
13
Let r be (-1 - -1)/1 - -3. Let u(d) = 1 - 4*d**2 - 5*d + 6*d**2 + 0*d + d. What are the prime factors of u(r)?
7
List the prime factors of (-717)/(-6) - (-6)/4.
11
Let g = 2 + -3. Let b be (2 - -99)*g + -1. What are the prime factors of (-4)/14 - b/14?
7
What are the prime factors of -3 - (-2)/(4/222)?
2, 3
Let n = -6 - -2. Let v = n - -8. List the prime factors of v.
2
Let m be (7/(-5) + -1)*-30. Suppose 4*a + m = 4*j, 21 + 35 = 3*j - 5*a. What are the prime factors of j?
17
Let g = 8 - 3. Suppose f - 10 = -4*u, -g*u - 4 = 3*f - 13. Let l(t) = 3*t**2 - 